d(t) = -3 + 21*t + t**2 - 15*t - 2*t**2. What is the units digit of d(n)?
2
Suppose -t + 66 = n - 3*t, -8 = -4*t. What is the units digit of n?
0
Suppose 0 = -3*o + 7 + 8. Suppose o = h - 1. What is the units digit of h?
6
Suppose 3*y = -4*g - 16, 2*g - y + 5 = -3. Let k(c) = -2*c - 5. Let l be k(g). Suppose 2*f + 3*j = 12, l*j + 38 + 10 = 3*f. What is the units digit of f?
2
Let r = -2 - -3. Let d(b) = 23*b**2 + b - 1. What is the tens digit of d(r)?
2
Suppose 2*o - 5*h + 69 = 0, o + 3*h = -66 + 4. Let f = o - -73. What is the tens digit of f?
2
Let k(q) = -3*q - 5. Let o(a) = -5*a - 8. Let b(n) = -8*k(n) + 5*o(n). What is the tens digit of b(-10)?
1
Let f be ((-3)/(6/10))/(-1). Suppose 0 = k + k - 114. Suppose 0 = -0*a - 2*a - 4, k = f*v + 4*a. What is the units digit of v?
3
Let p = -10 - -13. Let q be (p/1)/((-6)/8). Let l = 5 + q. What is the units digit of l?
1
Let m(s) = s**2 - 10*s - 11. Let h be m(11). What is the units digit of (h - -35) + -2 + -2?
1
Suppose 0 = -5*j + 788 - 63. What is the units digit of j?
5
Suppose 10*o + 176 = 14*o. What is the units digit of o?
4
Let q = 26 + -1. What is the units digit of q?
5
Suppose -g + 15 = 4*u, -g + 5*g = -3*u + 8. Suppose 2*w + o = w - 1, -3*w - 4*o = 6. Let a = w - g. What is the units digit of a?
3
Suppose 2*g - 3*g - 5 = 0. Let h(n) = -2*n - 13. Let y be h(-10). Let v = g + y. What is the units digit of v?
2
Suppose -p = -3*p + 196. What is the units digit of p?
8
Let x = 7 + 24. What is the units digit of x?
1
Let i(k) = k**2 - 3*k + 3. Let q be 76/6 - (-3)/9. Suppose -2*m = -s - q + 5, -3*m + s + 10 = 0. What is the units digit of i(m)?
1
Let s(v) = v + 1. Let c be 2*-10*2/(-8). What is the units digit of s(c)?
6
Suppose -4*r = -4*t - 20, r - t + 4*t - 9 = 0. Suppose h = r*h. Suppose -3*y = 4*c + 2, h*y = 5*c + y - 3. What is the units digit of c?
1
Suppose 3*r + 6 - 30 = -f, 3*f + 5*r - 52 = 0. Suppose 3*n = 2*n. Suppose n*z - f = -z. What is the units digit of z?
9
Suppose -5*d = 10, 2*i + 0*d + 5*d + 12 = 0. Let b be -3*((-12)/(-9) - 2). What is the units digit of (0 - i - 2) + b?
1
Let q be (2/6)/(2/246). Suppose 5*l = -3*g + 30, -3*g - 3*l = -q + 11. What is the tens digit of g?
1
Suppose 3*n - 131 = -4*q, q + 12 = n - 4*q. What is the units digit of n?
7
Let u be 1 + -2 + 0 - -4. Suppose -3*i + 0 - u = -3*s, -3*s = -12. Suppose 3*w - 22 = -i*v + 20, w - 2*v = -1. What is the units digit of w?
9
Let z = -46 - -112. What is the tens digit of z?
6
Let a(b) = 9*b**2 - 3*b - 1. What is the units digit of a(3)?
1
Suppose 0 = -3*h + 5*v - 2*v + 15, 0 = -h - 2*v + 2. Suppose -b + 0 = h. Let q(y) = -y**2 - 6*y - 3. What is the units digit of q(b)?
5
Let z = 179 - 89. What is the units digit of z?
0
Let w be (-130)/8 + 3/12. Let j = -27 - -16. Let d = j - w. What is the units digit of d?
5
Suppose 6*z - 2*z - 156 = 0. What is the tens digit of z?
3
Suppose -3*m + 10 = 2*m. Let j(p) = 2*p**2 - 25*p - 10. Let d be j(13). Suppose 0 = -m*x - x + d. What is the units digit of x?
1
Suppose -133 - 107 = d. Let l be (-9)/2*d/9. What is the units digit of ((-2)/(-5))/(4/l)?
2
Suppose s = -2*w + 6, 3*w + 24 + 22 = 4*s. Suppose 3*h - 2*h = -5*u + 2, 0 = 4*u - h + 2. What is the tens digit of ((-1 + u)*s)/(-1)?
1
Suppose -p + 2 = -2*p. What is the units digit of -7*((-8)/p)/(-4)?
7
Let a = -3 - -9. What is the units digit of (-42)/(-4) + (-9)/a?
9
Let t(m) = -m + 8. Let f be t(8). Suppose -4*v + 2 = -q - 2*v, f = 3*q + 4*v + 16. Let z(g) = -3*g - 6. What is the units digit of z(q)?
6
Suppose 35*o - 32*o = 153. What is the units digit of o?
1
Suppose -3*a - w = 2, a + 0*w = 2*w - 10. Let x be a/(-4) - (-1)/(-2). Suppose 0*y = -4*y + 5*q + 12, x = y + 5*q - 28. What is the units digit of y?
8
What is the tens digit of -4*(-3 - -2) + 27?
3
Let j(y) = -y - 3. Let w be j(-3). Let z = -5 - w. Let q(x) = -x**2 - 7*x - 4. What is the units digit of q(z)?
6
What is the tens digit of 30*-1*(-16)/20?
2
What is the units digit of ((-113)/(-2))/(-3*(-4)/24)?
3
Suppose 13 = -5*u + 3. Let h be -1*(u - (-2 + -1)). What is the tens digit of (h - 0)*(-1 + -10)?
1
Suppose 0 = -5*d - 0*d. Suppose -l - 2 - 2 = d, -11 = z + 5*l. Suppose -5*q = -2*t + 6*t - z, -t + 9 = -q. What is the units digit of t?
6
Let z(v) = -18*v**3 - 2*v**2 - 3*v - 1. What is the units digit of z(-1)?
8
Suppose -3*g + 20 = 5. Suppose -v - 8 = -z, -v + 19 + 3 = g*z. Let n = 4 - v. What is the units digit of n?
7
Suppose 3*h - h - 160 = 0. Suppose 3*m = -m + h. What is the tens digit of m?
2
Suppose 5*c - 146 = 4*v - 5*v, 0 = 2*c + 2*v - 52. Suppose -4*d = -7*d - c. Let y = -6 - d. What is the units digit of y?
4
What is the tens digit of 0/(4 - 2) + 113?
1
Let s(f) be the second derivative of f**4/12 - 11*f**3/6 + 5*f**2 + 3*f. Let v be s(10). Let h(c) = c + 3. What is the units digit of h(v)?
3
Let n(x) = -3 + 2 + 2*x**3 - 1 - 3*x + x**2. Let d be n(-2). What is the units digit of ((-21)/(-14))/((-3)/d)?
4
Suppose -3*x = 12, x + 28 = 4*c - 3*x. Suppose -h - c*b - 8 = 0, 0 = -h - 2*b - 0*b - 4. Suppose -3 = -h*q + 5. What is the units digit of q?
2
Let p = -729 + 1149. What is the tens digit of p?
2
Suppose -4 - 4 = -4*a. Suppose -4*z - 14 - a = 0. What is the units digit of (-10)/z*(-4)/(-5)?
2
What is the tens digit of (-19)/(-3*(-3)/(-90))?
9
Let n(p) = -p**3 + 25*p**2 - 39*p + 2. What is the hundreds digit of n(23)?
1
What is the units digit of ((-94)/(-3))/((-8)/(-12))?
7
Let j = -59 - -85. What is the units digit of j?
6
Let a = -10 + -58. Let d = a - -99. What is the tens digit of d?
3
Let l(j) = -j**3 + 11*j**2 - 3*j + 2. What is the units digit of l(6)?
4
Let j be (6/3)/(4/6). Suppose 5*u - 2 = -7, j*o = 2*u - 34. What is the units digit of ((-4)/(-16))/((-3)/o)?
1
Let x = 4 - 4. Let y = 4 + x. What is the units digit of y?
4
Suppose 15 = -2*m - m, 540 = 5*g - 3*m. Suppose -4*f + p + 138 = 4*p, g = 3*f + 3*p. What is the tens digit of f?
3
Suppose 3*g - 3 = -2*o - o, -5*g = 3*o + 3. Let h be (-2)/(4/g - -2). What is the units digit of (9/(-3))/h + 6?
7
Suppose d = -1 - 1. Let x be 2 - (d - (-2 + -1)). Let f(u) = 11*u**2 + 1. What is the units digit of f(x)?
2
Suppose 0*w = -4*w + 156. Suppose -w = 4*m - m. What is the units digit of (2 + 0)*m/(-2)?
3
Suppose -y + 21 = 4*o + 6, -5*o - y + 18 = 0. Suppose o*j + 6*z - 26 = 4*z, 4*j - z - 20 = 0. What is the units digit of j?
6
What is the tens digit of (-788)/(-12) + 3 + 2/(-3)?
6
Suppose -76 - 110 = -2*l. What is the tens digit of l?
9
What is the units digit of (15/10 - 0)/(2/28)?
1
Suppose 18 = 5*h - 97. Let n = h + -11. What is the units digit of n?
2
Let o(j) be the first derivative of j**3/3 + 5*j**2 - 12*j - 4. What is the units digit of o(-13)?
7
Let w(l) = l**3 - 17*l**2 + 13. What is the units digit of w(17)?
3
Let p(y) = 5*y + 8. Let d(m) = 2*m + 4. Let w(q) = 9*d(q) - 4*p(q). Let k be w(-3). Suppose 0 = 4*u, 0 = -3*n + 3*u + 41 + k. What is the tens digit of n?
1
Let c be ((-2)/4)/(3/(-30)). Suppose 0*g + 52 = 2*g - 2*z, 5*z = -c*g + 130. Suppose 0 = 4*k - g + 6. What is the units digit of k?
5
Let j(t) = t**3 + 2*t**2 - 2*t + 3. Let w be j(-3). Let c = 1 + w. Suppose 0 = -4*u - c + 5. What is the units digit of u?
1
Let p be 4/(4*(-1)/(-16)). Suppose 0 = -h + 3*v - 5 + p, -3*v = 0. What is the tens digit of h?
1
Suppose 0 = b - 20 + 1. What is the tens digit of b?
1
Suppose v - 7 = 4*z, -9 = -v + 3*z - 0. What is the tens digit of v?
1
Suppose 3*b - 2*b - 69 = 0. What is the units digit of b?
9
Let m = -7 + 11. What is the tens digit of (m/(-5))/(4/(-130))?
2
Let m(r) = 6*r. What is the units digit of m(8)?
8
Suppose -5 = -3*h + 1. Suppose 14 = -f + h*f. What is the units digit of f?
4
Let c(w) be the third derivative of -w**5/60 + 2*w**2. Let h(z) = -z**3 - 3*z**2 + 2*z - 1. Let d(v) = -6*c(v) - h(v). What is the tens digit of d(-9)?
1
Let w be (3/6)/(2/(-8)). Let y = w + 3. What is the units digit of y?
1
What is the units digit of (-2 + 16/(-10))/(4/(-10))?
9
Let z = -6 + 24. Let f = -7 - -7. Suppose -2*d + z + 12 = f. What is the tens digit of d?
1
Suppose -5*c = -2*d - 0*c - 70, 110 = -4*d - 5*c. What is the units digit of -4*(1 - d/(-8))?
1
Suppose 5*u + w = -7 + 53, -5*w = 4*u - 20. Suppose -b - u = -2*b. What is the units digit of b?
0
Let j(g) = g + 1. Let p be j(0